((6 - 1) + 1)
-4
Calculate -1 + -2 - (-9 + 11).
-5
What is the value of (1 - 0 - 0) + 0 - 3?
-2
7 - (-2 - (2 - 10))
1
Calculate 1 + 0 - (0 - -3).
-2
What is 8 - (13 + -8) - 8?
-5
What is the value of 4 - 9 - (1 + -8)?
2
-4 + -1 + 3 - (-1 - 3)
2
Calculate -1 + (-7 - (0 - 10 - -5)).
-3
-21 + 26 - (5 + -2 + 1)
1
Calculate 5 - (6 - (-2 + 5)) - 0.
2
(-9 + 10 - 5) + (1 - 4)
-7
What is 17 + 5 + -12 - (9 - 1)?
2
Calculate -2 - (-14 + (7 - -8)).
-3
What is (8 - 15) + 13 + -2 + 0?
4
What is the value of (-34 - -28) + (2 - -11 - -1)?
8
What is -3 + (2 - 1) + (-1 - 0)?
-3
What is the value of -2 + 9 - (33 - 20)?
-6
Calculate -50 + 51 - (-1 + 1 + 0).
1
What is the value of -5 - -8 - (0 + 0)?
3
(-1 - -6) + (-8 - -3)
0
Calculate -2 - (-3 - (1 + -5 + 2)).
-1
-1 - 0 - (-31 - -26)
4
What is the value of -10 - -4 - (-2 + 1)?
-5
What is 9 + -5 + 0 - 4?
0
What is the value of 1 + (8 - (10 - -1))?
-2
Calculate -10 - -1 - (-5 + -2).
-2
-6 + 2 - (30 + -36)
2
What is 3 + -4 + 1 + 5 - 9?
-4
Evaluate -1 + 6 - (14 - (2 - -8)).
1
Calculate -1 - (1 + (1 - -2 - 2)).
-3
Evaluate (7 - 4 - 1) + -7.
-5
Calculate -2 - (8 - (-1 + -7 - -10)).
-8
Evaluate 2 + (-1 - (-1 + 4)).
-2
(8 - 1) + -21 + 11
-3
Calculate (0 - 1) + (-3 - -10) + 1.
7
What is the value of 4 - (11 - (-10 - (7 - 15)))?
-9
What is the value of 1 - 2 - ((-6 - 4) + 7)?
2
8 + -11 + 4 + (-2 - 2)
-3
(-3 + -4 - 8) + 10
-5
5 + (-7 - 0 - -4) + -5
-3
What is -63 + 62 + (-4 - -1)?
-4
What is the value of (9 - (1 - -8)) + (-6 - 3)?
-9
What is 6 + 3 + -5 + -8?
-4
Calculate 4 - (2 - (-4 + 5)).
3
58 + -66 + (-1 - -5)
-4
Evaluate -6 + 3 + (-5 - (-1 - 2)).
-5
Evaluate (-1 - (-2 + 3)) + 0 + 4.
2
What is the value of -1 - -2 - 2 - (0 - -2)?
-3
2 + (-3 - 1) + 2
0
What is the value of (5 - (21 + -7)) + 5?
-4
What is the value of (6 - (-9 - -2)) + -13?
0
Calculate (6 + -5 - (1 - 1)) + 0.
1
What is 1 - -14 - (0 - -5 - -2)?
8
What is the value of 2 - (2 - 4) - 9?
-5
11 - ((-6 - 1) + 25)
-7
Evaluate (3 - 4) + 2 + (-8 - -2).
-5
Evaluate 4 + (4 - 3) - 5 - -5.
5
What is the value of 2 - (-2 + (5 - (8 - 4)))?
3
(0 - ((0 - 3) + -1)) + -2
2
1 - (-6 - -4 - -3)
0
Calculate -5 - (-3 + -2 - 3).
3
Calculate -28 + 33 + -1 + -3.
1
What is -5 + -8 + 3 - -5?
-5
-3 + (-4 - -2) - (2 + -13)
6
What is the value of -2 + (-2 - (-2 + 1))?
-3
1 + (0 - 1) - 6
-6
Calculate 12 - 1 - ((12 - 13) + 7).
5
Evaluate 8 + (-5 - 0) - (2 + 0).
1
What is -5 + (-4 - (-4 + -1)) - -10?
6
Calculate 13 - (-9 + 4 + (11 - -1)).
6
What is the value of 6 + -10 - -9 - 2?
3
What is (-5 - 1 - -2) + 3?
-1
What is 6 + -15 + 1 - -5?
-3
What is the value of -1 - -1 - (-5 - (1 + -3))?
3
Evaluate (-2 + -3 + 1 - 0) + 3.
-1
What is the value of (-3 - 2) + -6 + 10 + 3?
2
Calculate 2 + 0 + 3 + -6.
-1
What is -1 - (-1 + 2 + -2)?
0
Evaluate 1 - (10 - 3 - 2).
-4
Evaluate -1 - ((4 - 9) + 1).
3
Evaluate (-4 - -2) + 4 + (4 - 4).
2
What is the value of 1 + (6 - -2) + -3 + -1?
5
What is the value of -7 - (-15 - (8 + -9))?
7
Calculate 2 + -3 + -2 + 1 - -6.
4
Calculate 0 + 0 + -30 + 25.
-5
What is the value of 15 + (-17 - -5 - -4)?
7
0 - (-3 - -2 - (-6 + -1))
-6
(0 - -1) + 6 + -11
-4
(1 + 6 - (-7 - -13)) + 5
6
Calculate -2 + 7 + (-6 - -2 - -4).
5
What is the value of (-2 - -10 - (-10 - -11)) + 2?
9
What is the value of 2 + 2 + (-12 - -3)?
-5
Evaluate 4 + (-4 - -5 - (2 + -3)).
6
What is 2 - (-13 + 21 - (6 - -1))?
1
What is (-9 - -6) + (-2 - 4) + 5?
-4
What is the value of 2 - (-3 - -1 - (3 - 3))?
4
Evaluate 2 + (1 - 0) + 10 + -6.
7
Evaluate -30 - -25 - (-1 + 0).
-4
3 - (0 + 4) - (-1 + -3)
3
What is -8 + 7 - (3 - 2)?
-2
Evaluate -1 + 4 + -5 + -2.
-4
(-2 - -1) + 3 - 3
-1
Evaluate -1 + -1 + -3 + 0 + 4.
-1
Calculate (-2 - 1) + (-1 - 2) + 9.
3
1 + 2 - -5 - 5
3
-6 + 5 - (6 + -6)
-1
What is the value of (7 - 2) + -8 - -7?
4
Evaluate 53 - 54 - ((-2 - 0) + -2).
3
Calculate 4 + 12 + (-2 - (-1 - -6)).
9
What is -2 + -1 + 6 + -5?
-2
Evaluate (2 - 7) + 0 - -2.
-3
What is -10 + 3 + 9 + -1?
1
What is -5 - (-2 - (-1 + 3))?
-1
What is the value of -3 + 6 + -4 + 5?
4
Calculate -5 + 2 + (5 - -1).
3
What is 2 - ((-1 - 1) + 1 - 2)?
5
Evaluate -2 + -2 - 2 - -1.
-5
Evaluate 6 + (-1 - 13) - -3.
-5
Calculate -28 + 29 + (1 - -1).
3
Calculate -3 - -4 - (4 - 1).
-2
What is 1 + -5 - (-1 - 2)?
-1
What is 5 - (-3 + -4 + 7)?
5
-3 + -12 + -6 + 13
-8
Evaluate -1 - (0 + 6 - 2) - -5.
0
What is the value of 0 + 4 + -4 - 3?
-3
What is -1 - -13 - ((-3 - 5) + 13)?
7
(-26 - -38) + (-6 - 0)
6
Evaluate -8 - -5 - (0 - 1) - 3.
-5
Calculate (2 - 1) + -2 + 0 + -1.
-2
What is the value of 2 - (-6 + 2 + 7)?
-1
Calculate -6 + (-8 - -12) - -11.
9
What is the value of 9 + -4 + -4 + -5?
-4
What is the value of (-4 - 1) + (11 - 5)?
1
What is the value of 2 + (1 - (-4 + (2 - -7)))?
-2
-2 + (4 - 6) + 0
-4
Calculate 7 - (17 - 11) - 0.
1
What is 2 - 7 - (25 - 29)?
-1
Evaluate 4 + -25 + 15 + -1 + 3.
-4
What is 11 + -7 - (-2 + 1)?
5
What is the value of -17 + 7 - (-10 + -2)?
2
(-122 - -128) + (-4 - (-1 - -1))
2
Evaluate 4 + (7 + -2 - (10 - 3)).
2
Evaluate -7 + 15 + (-3 - -2).
7
(1 - (-4 + -3)) + -16 + 5
-3
Evaluate (-1 - -3 - -10) + (5 - 12).
5
Calculate 8 + (-5 - 0) + 0 + 1.
4
Evaluate 0 - (-2 - (-1 + -1)).
0
What is the value of -1 - (2 - 1 - (8 - 8))?
-2
Evaluate (-7 - -6 - -8) + (0 - 2).
5
3 + -6 - -1 - 3
-5
Calculate 1 + -3 + (1 - -3).
2
What is 0 + 3 + (0 - (-4 + 4))?
3
What is the value of -2 - (-2 - ((-2 - 1) + 1))?
-2
What is the value of -2 - (9 - 15 - 3)?
7
What is -64 + 70 + (-2 - -2)?
6
What is 9 + 0 + 4 + -5 + -3?
5
6 + (-12 - (4 - (-2 + 12)))
0
Evaluate 35 - 47 - (-5 - 0) - 2.
-9
Calculate 7 + (-7 - -1) + 6.
7
Evaluate 3 + -2 + -2 - -1.
0
What is (0 - -8) + (4 - 5) - 4?
3
Evaluate (-3 - (-2 - -1)) + (-6 - -9).
1
Calculate -4 - 0 - 3 - -5.
-2
What is -5 + 0 - (84 + -82)?
-7
(3 - 6) + -5 - (-6 + 1)
-3
Calculate (5 - -1) + 24 + -28.
2
Calculate -4 - (-4 + 16 + -10).
-6
What is -1 + -7 + 8 + -1?
-1
-3 + 8 + -4 + -6
-5
Calculate (10 + -20 - -1) + 6.
-3
-2 + (8 + -12 - -14)
8
(-7 - -5) + (5 - 0)
3
Calculate -6 + 8 - (2 + -3 - -9).
-6
Evaluate 0 - (8 + (-6 - (-2 - 0))).
-4
What is the value of -1 + (-4 - (-3 - 5))?
3
Calculate 12 - 8 - (0 - -1).
3
Calculate 10 + 1 + (1 - 20).
-8
Evaluate 12 - (11 - (-3 - -6)).
4
Evaluate -1 + 1 - (-7 + 3 + -1).
5
Calculate 3 - ((8 - 3) + (-1 - 2)).
1
Evaluate -10 + (5 - 0) - -2.
-3
-41 + 43 - (2 + 0)
0
What is the value of -1 - (0 - (-1 + 2))?
0
Calculate 0 + -1 + -1 - 1.
-3
Evaluate (-5 - -6) + (-4 - (3 + -2)).
-4
Evaluate 1 + 2 + (0 - -2).
5
What is -4 - (5 + (2 + -5 - 3))?
-3
Evaluate 9 + -10 - (3 - (0 + -1)).
-5
What is -2 - ((2 - -2) + 1 - 5)?
-2
Evaluate -4 + 0 - (5 + -9 - -4).
-4
(-2 - 2 - -2) + (-1 - -8)
5
2 - (2 + -8) - 6
2
Evaluate 11 + -6 - (1 + 2).
2
What is 17 - (-4 + 11) - 10?
0
1 + 0 + -1 - (-118 + 115)
3
What is (-1 - -2) + (-150 - -157)?
8
What is the value of 4 + -2 + -3 - (2 + -5)?
2
Evaluate -3 - (0 - 2) - (2 - 1).
-2
What is -6 - (6 - (0 - -11))?
-1
What is the value of (-2 - (10 - 5 - 11)) + -9?
-5
Evaluate -5 - (-20 + 6 + 3).
6
What is 5 + 3 + -4 - 8?
-4
What is the value of -2 + 0 + 2 - 5?
-5
What is -2 + -7 - (-10 + 2)?
-1
What is 15 + -15 + -7 + (-1 - -1)?
-7
What is the value of (-4 - -2 - -3) + -1?
0
What is -1 - -2 - (-2 + -1) - 4?
0
What is -1 + (8 - 2) + -6?
-1
What is (-16 - -9) + 3 - -8?
4
Calculate -3 + (2 - (-4 + 4)) - -6.
5
What is 0 + (4 - (1 + -1 + 2))?
2
What is -4 + (10 - 4) + -8 + 8?
2
Evaluate 5 - (-10 + -4 - -26).
-7
What is ((6 - 0) + -4 - -5) + -2?
5
Evaluate (-4 - (-3 - 0)) + 1 - -2.
2
2 + 3 + -9 - -7
3
What is the value of 3 - (5 - (4 - 0))?
2
What is the value of 6 + -2 + -1 - 5?
-2
Evaluate (7 - (-4 - -5)) + -1.
5
What is 6 - 4 - (0 - -7)?
-5
(-2 - -10) + 3 + -23 + 18
6
What is the value of -2 + (1 - 4) - -3?
-2
What is 8 - (-5 - (-11 + 2))?
4
Evaluate (70 - 67) + (1 - 8).
-4
-4 + 12 - (4 - 0)
4
Evaluate 7 - (1 + (2 - 4 - -3)).
5
Evaluate 0 - -1 - (38 + -36) - -7.
6
What is -9 + -6 + -8 + 22 + 6?
5
Evaluate 6 + (0 - (3 + -1)).
4
What is the value of (11 + -19 - -1) + 10?
3
Calculate 11 + (10 - -2 - 27).
-4
-1 + -4 + 8 + 2
5
Evaluate 3 - 2 - (1 - (11 - 3)).
8
Calculate 6 + (4 - 2 - 6).
2
-3 + (2 - 3 - 2 - -4)
-2
What is the value of -3 - (-5 - 3 - -7)?
-2
What is the value of (-1 + (6 - 4) - -1) + 4?
6
Evaluate 11 + (3 - 8 - 1).
5
Evaluate -10 + (15 - 8) - (-1 + -6).
4
Wha